the remainder when h is divided by 79?
73
Suppose -17 = -3*h + 1. What is the remainder when 12/(-4) + 27 - (2 + -5) is divided by h?
3
Suppose 3*d = 2*w - 17, -21 = -3*w + 2*d + d. Let i be -3 + (1152/w)/3. Suppose i = 3*b - 42. Calculate the remainder when b is divided by 12.
9
Let j be 1/(-3*(-3)/(-81)). Let p be (-3)/(((-3)/j)/(-1)). Calculate the remainder when p/45 - 128/(-10) is divided by 5.
3
Suppose -2*q + 60 = 2*n, 5*q - 262 = 3*n - 88. Calculate the remainder when 208 is divided by q.
10
Let q = 41 + -18. Let k = 133 - 54. Suppose 5*h - k = -19. What is the remainder when q is divided by h?
11
Let l = -34 + 34. Suppose c = -l*c. Suppose c = -2*k + k + 27. What is the remainder when k is divided by 10?
7
Suppose 4*u - 2*x = 3*u + 8, -5*u = -2*x - 24. Suppose -w + 5*w - 76 = 0. What is the remainder when w is divided by u?
3
Let a(i) = 3*i + 5. Let v be a(4). Suppose 2*d + v = 43. Calculate the remainder when (2*(-6 - -43))/(3 + -1) is divided by d.
11
Let m be (2/(-3))/1*-60. Suppose 6*v - 128 - m = 0. Calculate the remainder when v is divided by 16.
12
Suppose 0 = 4*o - 12, 3*o + 2*o = -5*m + 155. Let b be (15 + -3)*9/(-6). Calculate the remainder when m is divided by (24/b)/(0 + (-4)/30).
8
Calculate the remainder when 92 is divided by (27 + 1 - -2) + (20 - 19).
30
Let g = -50 + 74. Suppose -2*i + 21 = 3*u, -3*i = -6*i + 3*u + g. Calculate the remainder when 16 is divided by i.
7
Let f = -140 - -578. What is the remainder when f is divided by 40?
38
Suppose 145 + 2425 = 2*r - 5*k, -4*k = 2*r - 2588. What is the remainder when r is divided by 19?
17
Let x(n) be the first derivative of -13*n**2/2 - n + 2. Let u = -62 - -109. What is the remainder when u is divided by x(-1)?
11
Let n(t) = 6*t**2 - 12*t - 5. Calculate the remainder when 972 is divided by n(3).
10
Let d = -21 + 35. Suppose 5*t - 5*w = -305, 5*t + 2*w + 0*w = -326. Let a = t - -118. Calculate the remainder when a is divided by d.
12
Suppose -12 = -4*o - 4. Calculate the remainder when -2 + ((-62)/(-1) - o) is divided by 2/(-8) + 305/20.
13
Let l(d) = -3*d**3 + 14*d**2 - 8*d - 5. Let f(w) = -7*w**3 + 27*w**2 - 16*w - 9. Let y(v) = 2*f(v) - 5*l(v). What is the remainder when y(16) is divided by 35?
30
Let f(g) = 52*g**2 + 4*g + 2. Let l be (-2)/((-1)/2*-2). What is the remainder when f(l) is divided by 41?
38
Suppose -4*x + 23 = 3. Suppose -5*b - 2*v = -v - 11, 4*b - x = 3*v. Suppose 0 = b*u - 46 + 16. What is the remainder when 58 is divided by u?
13
Suppose 4*v = 2*v + 100. Suppose 3*s - v = -5. Suppose 1135*x - 1124*x - 88 = 0. What is the remainder when s is divided by x?
7
Let m(d) = 3*d - d - d + 7*d**2 + 2*d + d**3 + 3. Let o = 155 + -95. Calculate the remainder when o is divided by m(-6).
18
Let v = -11 + 10. Let n(u) = 70*u**2 - u. What is the remainder when n(v) is divided by 219/9 + (-6)/18?
23
Suppose 0*a = 4*a - 24. Suppose 3*n - 96 = -a. Suppose 5*k - n = 2*k. What is the remainder when 17 is divided by k?
7
Let y be (-32)/(-10)*(11 - 1). Let a = 55 - y. Calculate the remainder when (60/48)/((-3)/(-216)*1) is divided by a.
21
Let w(h) = -h**2 + 6*h - 5. Let t be w(4). Let y be (t - (2 - -2)) + 3. Suppose -y*x + 9 = -3. Calculate the remainder when 16 is divided by x.
4
Let b = -36 + 59. Let p = -20 + b. Suppose p*j - 2*q - 41 = -2*j, 4*q - 35 = -3*j. What is the remainder when 24 is divided by j?
6
Let t = -37 - -118. Let j = 4 - 0. Suppose -j*x + 72 = 4*d, d + x - 12 = -2*x. Calculate the remainder when t is divided by d.
18
Let p(j) = -j**3 - 6*j**2 + 6*j - 8. Let l be p(-7). Let t = 95 + l. Calculate the remainder when t is divided by 24.
22
Let x be (-150)/(-45)*6/(-5). Let v be ((-61)/(-4) + x)*-4. Calculate the remainder when 29 is divided by v/6*(-8)/6.
9
Let i(r) = -r**3 - 9*r**2 - 10*r - 9. Let j be i(-8). Suppose 75 = j*h - 4*h + 3*z, -5*h = z - 137. Calculate the remainder when h is divided by 18.
10
What is the remainder when (-10)/(-2 + 0) + 267 is divided by 40?
32
Suppose -17*q - 766 = -2755. What is the remainder when 277 is divided by q?
43
Let w = -11 - -14. Let c = -204 - -213. What is the remainder when c is divided by w?
0
Let u(j) = 157*j - 287. Suppose 5*l = 3*l + 158. What is the remainder when l is divided by u(2)?
25
Let w(j) = j**3 + 6*j**2 + 5*j. Let k be w(-5). Let z(c) = c**2 - 1 - 9 + 9*c + k. Calculate the remainder when 35 is divided by z(-11).
11
Let x(j) = j**2 - j - 4. Let d be x(3). Suppose -32 + d = -3*c. Calculate the remainder when (-12)/(-2)*3 + 0 is divided by c.
8
Let r = 229 - -40. What is the remainder when r is divided by 55?
49
Suppose 2200 = 355*p - 330*p. What is the remainder when 610 is divided by p?
82
Suppose -y + 120 = 2*r - 0*y, 2*r - 140 = 4*y. Let g = 55 + -61. Let f(x) = 5*x + 46. Calculate the remainder when r is divided by f(g).
14
Suppose -5*a = -4*p - 176, -2*p = -5*a - 27 + 195. Suppose -2 = 2*u, -4*u + 18 + 0 = 2*j. What is the remainder when a is divided by j?
10
Suppose 0 = -2*a + 9 - 1. Calculate the remainder when ((-2146)/(-87) - 28)*(-3 - 0) is divided by a.
2
Calculate the remainder when 307 is divided by (-180)/(-525)*-20*7/(-2).
19
Suppose 237 + 378 = 3*r + 3*f, 0 = 3*r + 2*f - 617. Calculate the remainder when r is divided by 19.
17
Let w = -216 - -324. Suppose 3*v - w = -9*v. Calculate the remainder when v is divided by 4.
1
Let t(r) = -r**3 - 7*r**2 - 5*r - 21. Let a be t(-7). Calculate the remainder when 28/3*63/a is divided by 22.
20
Suppose -48 = -17*s + 37. Suppose 5*l - 9 = -4*w + 34, -4*w = -8. What is the remainder when l is divided by s?
2
Suppose 116 = 4*q + 4. What is the remainder when (3 - (-33)/9)*(-198)/(-12) is divided by q?
26
Suppose -9*x - 824 = -12155. What is the remainder when x is divided by 13?
11
Suppose 10*c - 22*c + 300 = 0. Calculate the remainder when 231 is divided by c.
6
Suppose -l = 3*l - 16. What is the remainder when (-4)/12*-3*l is divided by 1?
0
Let a(s) = -9*s + 6. Let g be a(-11). What is the remainder when 23 is divided by (g/(-10))/((-9)/12)?
9
Let p(y) = -2*y**2 + 1 - 121*y + 102*y**3 + 121*y. What is the remainder when p(1) is divided by (-3)/(-1 - (-46)/52)?
23
Let v(y) = -4*y**2 + 34*y + 26. What is the remainder when 19 is divided by v(9)?
3
Let d = 17 + -11. Let f = -24 - -21. What is the remainder when 635/40 + f/(-24) is divided by d?
4
Suppose 5*c = d + 9, d = 3*c - 5 - 4. Let t be ((-6)/(-4))/(d/636). Let y = -75 - t. Calculate the remainder when y is divided by 16.
15
Let g = 13 + -10. Suppose g*r - 4 = 2*r. Suppose -2*u - u + r*s + 143 = 0, -3*s = -2*u + 95. Calculate the remainder when u is divided by 17.
15
Let q be 393/(3*4/8). Suppose 5*o - 3*g - q = 0, 2*o + 2*g - 242 = -3*o. Let f = -36 + o. What is the remainder when 55 is divided by f?
13
Let h = -3 + -67. Calculate the remainder when 153 is divided by 468/21 - (-20)/h.
21
Let m = -3 - -6. Suppose h + 0*l - 7 = -m*l, 0 = 3*h + 3*l - 21. What is the remainder when 632/20 + (-11 - 627/(-55)) is divided by h?
4
What is the remainder when -3 + 3 + 99 - -2 is divided by 19?
6
Calculate the remainder when 4/6*2148 - (0 + 3) is divided by 55.
54
Suppose -231*f = -228*f - 3*v - 891, -4*f + 3*v + 1189 = 0. What is the remainder when f is divided by 20?
18
Let r be 135/(-30)*(-14 + 0/(-2)). Let x = r + -45. What is the remainder when 81 is divided by x?
9
Suppose -2*q - 47 = -m, -4*m - 59 = 3*q + 6. Let w = q + -50. Let a = w + 111. What is the remainder when 74 is divided by a?
36
Let y = -19 + -15. Let w = 45 + y. What is the remainder when 43 is divided by w?
10
Suppose -4*c - 8 = -4, 0 = -2*i + 5*c + 53. Suppose 2*v - 16 = -2*y + i, 85 = 5*y + 2*v. Calculate the remainder when 28 is divided by y.
13
Let j = 144 - 126. Calculate the remainder when 282 is divided by j.
12
Let k(m) = 8*m + 30. What is the remainder when 107 is divided by k(3)?
53
Suppose -10*v = -5*a - 9*v + 21, 3*v - 13 = -4*a. What is the remainder when (-2)/4*96/(-6) is divided by a?
0
Suppose 20 = -i + 6*i. Suppose -u + 37 = -4*t, 5*u - i*t + 3*t - 147 = 0. Let z(n) = 10*n**3 + n - 1. Calculate the remainder when u is divided by z(1).
9
Suppose 0 = 175*z - 179*z + 396. What is the remainder when z is divided by 28?
15
Suppose -47 = 6*z - 191. Let y(r) = 236*r**2 + 2*r + 1. Let j be y(-1). Let g = j + -165. 